. Let s be r(0). Calculate t(s).
-8
Let b(f) be the first derivative of -f**3/3 - f**2 - 2*f + 24. Let r be 1 - 5 - (-5 + 3). What is b(r)?
-2
Let r(u) = -5*u**3 + 3*u**2 - 10*u - 5. Let c(f) = -13*f**3 + 11*f**2 - 30*f - 16. Let a(h) = -3*c(h) + 8*r(h). Give a(-10).
8
Let b be (-2 - 1)/(2/4). Suppose -t = 5*i - 16, -t + 3*i - 14 + 6 = 0. Let x(k) = 0 + 3*k + 4 + k**2 + t + 4*k. What is x(b)?
-1
Let f(p) = p**3 + 6*p**2 - 11*p + 19. Let a(o) = -2*o**3 - 12*o**2 + 21*o - 37. Let g(r) = 6*a(r) + 11*f(r). Give g(-7).
1
Let r = 711 + -711. Let x(l) = -l - 21. Give x(r).
-21
Suppose -6*z + 2*z = -8. Let v be 5066/26 + (-38)/(-247). Let x(m) = m**3 + 2 + 1 + m + v*m**z - 200*m**2. Calculate x(4).
-9
Let a(y) be the second derivative of y**6/360 - y**5/60 - y**4/6 - 4*y**3/3 + 9*y. Let w(q) be the second derivative of a(q). Give w(3).
-1
Let c be -3 + -2*6/(-4). Let g(b) be the first derivative of b**3/3 - b**2/2 + 6*b + 15. Give g(c).
6
Let c(i) = -i**3 + 5*i**2 - 2*i. Let a(j) be the first derivative of -j**3/3 + 6*j**2 + 3*j + 7. Let g be a(12). Give c(g).
12
Suppose -3 = -x - 0. Let w(u) = -135*u + 70*u + 6 - 4 + 66*u - u**2. Calculate w(x).
-4
Let z = -1166 + 1169. Let y(j) = 5*j - 2. What is y(z)?
13
Let t(k) be the first derivative of k**2/2 - 6*k + 65. Determine t(5).
-1
Let m(z) = -z**2 + 7*z + 1. Let c be m(5). Let y = c + -5. Let f(h) = 0*h**2 + 7*h**2 - h**3 + 3 - 1 - 6*h. What is f(y)?
2
Let a = 2 - 10. Let w = -6 - a. Suppose -l + w*l - 5 = 0. Let j(p) = -p + 6. Calculate j(l).
1
Let h be 132/48 + 1/4. Let a(b) = 1807 + b + h*b - b**2 - 1802. Give a(5).
0
Let a be 2 + (-2728)/36 + 8/(-36). Let o = a - -65. Let y(l) = 2*l + 12. Determine y(o).
-6
Let i(s) = -s**2 + 8 + 2*s - 2*s. Suppose -3*j - 4*u = -4 - 1, -j - 3*u = -5. Let w be (-5 - -5)*(-3)/(2 - j). Determine i(w).
8
Let g(c) = -c + 10. Let l(a) = 6*a + 106. Let j be l(-15). Determine g(j).
-6
Let y(g) be the second derivative of 4*g**3/3 + g**2 + 300*g. Give y(-7).
-54
Let r(f) = 7*f**2 + 9*f + 9. Let o(h) = 23*h**2 + 29*h + 28. Let n(d) = -2*o(d) + 7*r(d). Give n(-3).
19
Let c(d) = -2*d + 7. Let a be c(6). Let h(o) be the second derivative of o**5/20 + o**4/2 + 7*o**3/6 + o**2 + 1127*o. Calculate h(a).
-8
Let t(s) = -s**2 - s - 1. Let n(q) = -2*q**2 - 2*q - 8. Let h(p) = n(p) - 3*t(p). Let v be (16/5 + -4)/((-1)/(-5)). Calculate h(v).
7
Let f(o) = -3*o**3 + 3*o**2 + 5*o + 10. Let m(k) = -4*k**3 + 2*k**2 + 4*k + 11. Let l(t) = 3*f(t) - 2*m(t). Let u = 125 - 119. Give l(u).
14
Let q(t) be the third derivative of -t**4/24 + t**3/6 - 3*t**2. Let l be (2 - 1) + 5 + (-3)/3. Give q(l).
-4
Let t(u) be the third derivative of u**6/120 + u**5/15 + 5*u**4/24 + 5*u**3/6 - u**2. Let g be t(-2). Let l(n) = -3 - n**2 + g + 2*n + 1. Calculate l(-1).
-2
Let v(y) be the third derivative of -y**8/20160 + y**7/2520 + 11*y**5/30 - 4*y**2. Let d(w) be the third derivative of v(w). Determine d(1).
1
Let d(h) = -5*h - 8*h - h. Let i(v) = -v + 6. Let z be i(0). Suppose 0 = z*w - w + 5. Give d(w).
14
Suppose p = -4*n, 0 = -2*p + 3*p - 3*n - 7. Suppose 4*m - 16 = p. Let d(h) = m - 3 - 1 + 5*h**2. Determine d(-1).
6
Let m(j) = j**2 + 7*j - 7. Let h be m(-8). Suppose -r + 5 = -h. Let g(w) = 1 - 3*w + w**3 + r*w - 5*w**2 - 4. Determine g(4).
-7
Let q(g) = -31*g**2 - g + 1. Let d(n) = 9*n + 64. Let u be d(-7). Determine q(u).
-31
Let n be ((8 - 3)*1)/1. Let j(l) = -l - n - 2 + 10. Calculate j(-4).
7
Let u(z) = -2*z**2 - 6*z + 4. Suppose 5*g = -3*k + 12, 3*k - 3*g - 19 + 7 = 0. What is u(k)?
-52
Let f(j) = -j**3 - 7*j**2 + 8*j + 5. Suppose -2*r + 4*r = -s - 4, s = 5*r - 18. Calculate f(s).
5
Let p(j) = j**3 + 6*j**2 - j + 4. Let c = -52 - -37. Let z = c - -9. Determine p(z).
10
Let v(u) be the third derivative of u**8/6720 + u**7/630 - u**6/180 + 7*u**5/120 + u**4/2 - 9*u**2. Let r(z) be the second derivative of v(z). Calculate r(-5).
2
Let a(v) be the third derivative of v**5/40 - v**4/8 - 2*v**3/3 + 17*v**2. Let i(r) be the first derivative of a(r). What is i(3)?
6
Suppose -3*f + 5*f = 3*c - 11, -4*f = 5*c - 11. Let a(l) be the first derivative of 3 - 1/3*l**c + l**2 - 1/4*l**4 + l. Determine a(-2).
1
Suppose 0 = 2*v + 3*x - 413, -436 = -4*v - 4*x + 388. Let d = 203 - v. Let k(n) = -n**3 + n**2 + 3*n + 7. Let a(t) = 1. Let p(o) = 5*a(o) - k(o). Give p(d).
-8
Let b(w) = -w**3 - w + 1. Let t(p) = 3*p**3 - p**2 + 5*p - 3. Let z(q) = -2*b(q) - t(q). Suppose 4*y - 3*h = 5 + 15, 2*y + 3*h = -8. Determine z(y).
-9
Suppose 0 = -5*x - 3 + 3. Suppose 3*k + x*k + 22 = -r, 2*k + r = -15. Let h(u) = 2*u + 2. Calculate h(k).
-12
Let a(c) = c**2 - 7*c + 11. Let q be a(5). Suppose -2*u + q - 5 = 0, -4*u + 10 = 2*l. Let p(r) = -3*r - r**2 + 7*r - l + 15. Determine p(5).
1
Let r(i) = -i**2 - 3*i + 6. Let x be r(-4). Let n(p) = 8 - 14 + x*p - p + 4. What is n(9)?
7
Let y(c) = c**3 + 4*c**2 + 2*c + 1. Let r(u) = u**2 + 3*u - 7. Let n be r(-5). Suppose 4*k - n + 15 = 0. Give y(k).
4
Let l(x) = -x**2 - 4*x - 6. Let z be (-34)/7 + 210/245. Give l(z).
-6
Let v = 9 - 8. Let a(o) = v + o + 4 + 2 - 2. Determine a(0).
5
Let o(r) = r**2 - 17*r - 12. Let s be o(18). Let t be s + -3 + (5 - 4). Let w(x) = 6*x**2 + x**3 - 6*x**2 - 5 + x + t*x**2. Give w(-4).
-9
Let m = 1 + 1. Let i = -73 + 83. Suppose 2*h + 2*u + 4 = 0, -3*u = m*h - 4*u + i. Let d(n) = 4*n - 3. What is d(h)?
-19
Let p(m) be the first derivative of m**7/840 + m**6/360 + m**5/120 - m**4/24 + 14*m**3/3 - 10. Let g(t) be the third derivative of p(t). Calculate g(1).
2
Let s(d) = d**3 - 9*d**2 + 6*d. Let v be s(10). Suppose -y + 4*l = 26, -v = 4*y - 5*l - 56. Let o = -24 - y. Let i(q) = -q**3 + 4*q**2 - 3*q + 2. Give i(o).
4
Let s(k) = 12 + 16 + 8 - 4*k - 25. Give s(8).
-21
Suppose -4*v + 10 = 38. Let n(t) be the third derivative of t**5/60 + 7*t**4/24 + 601*t**2. Determine n(v).
0
Let a be (-14)/((-35)/5) + -4. Let v(g) = 3*g. Calculate v(a).
-6
Let k(t) be the first derivative of t**4/4 - 4*t**3 + t**2/2 - 18*t - 320. Calculate k(12).
-6
Let o(x) = -102*x - 112*x - 105*x - 1 + 320*x. Calculate o(-7).
-8
Let s be 34/12 + 3/18. Let k(w) = -w**2 - 5 + 3*w**2 + s*w + 1. Suppose 5*r + 8 - 1 = b, 0 = 4*b - r + 10. Calculate k(b).
5
Let a(h) = -25*h - 384. Let g be a(-15). Let d(v) = -v + 3. What is d(g)?
12
Let h(z) = z + 13. Let u(p) = -2*p - 39. Let n(i) = -11*h(i) - 4*u(i). Let d be n(3). Let w(k) = k + 1. Calculate w(d).
5
Let z(n) be the first derivative of n**4/4 + 7*n**3/3 + 9*n**2/2 - 4*n - 20. Give z(-4).
8
Let u = -116 + 111. Let b(r) be the second derivative of r**5/20 + r**4/2 + 4*r**3/3 + 7*r**2/2 + 7*r. Give b(u).
-8
Suppose 0 = -2*w - 3*w - 5. Let o be 4/(-16)*5 + w/(-4). Let q(y) = -3*y**2 - 1. Calculate q(o).
-4
Let w(q) be the second derivative of 0 + 6*q**2 - 5*q + 1/6*q**3. Let s be -3*(-4)/(-60)*0. Calculate w(s).
12
Suppose 0 = 4*m - 6*m - 12. Let t(v) = v**2 + 6*v + 4. Calculate t(m).
4
Let t(o) = -o**2 - 13. Let s(u) = -u - 1. Let r(h) = 6*s(h) - t(h). Let g(v) be the first derivative of r(v). Determine g(5).
4
Let w be 1224/(-272) + 10/(-4). Let r(n) = -10 - n - n + 1. Give r(w).
5
Let t(i) = -i + 17. Let u(q) = -2*q + 35. Let o(x) = -7*t(x) + 3*u(x). Suppose -4*s = -6*s + 16. Determine o(s).
-6
Let n(f) = -16*f + 1. Let k = -623 - -624. Give n(k).
-15
Suppose -5*w + 425 = 4*a, 4*w - a - 347 + 7 = 0. Let y(h) = -w + 2*h + 85. Calculate y(-6).
-12
Let n(r) = -3 + 3*r**2 - 11*r**3 + 3*r - 9*r**3 + 19*r**3. Determine n(3).
6
Let m(c) = -c**3 - 7*c**2 - 4*c - 4. Let n = 60 + -66. Determine m(n).
-16
Suppose -2*t = 191 - 41. Let v = t - -69. Let y(k) = k**2 + 5*k - 8. Calculate y(v).
-2
Let s be (-10)/35 - (-304)/(-14). Let d = -16 - s. Let x(i) = i**3 - 7*i**2 + 6*i - 4. What is x(d)?
-4
Let r(s) be the second derivative of s**5/20 - s**4 + 13*s**3/6 - 6*s**2 - 131*s. Determine r(11).
10
Suppose 5*g - 3*t = -t + 5, 2*t = 4*g - 2. Let x(m) be the first derivative of -1/2*m**2 + 2*m + g. Calculate x(6).
-4
Let x(c) = c**3 + 6*c**2 + 6*c + 6. Suppose 2*s = -j - 10, -10*j = -3*s - 5*j - 15. What is x(s)?
1
Suppose -4*m - 3*z + 7*z = 16, m = -3*z + 12. Let p(a) = -a**2 + 2*a. Let v(o) = 3*o**2 - 7*o + 9. Let r(s) = -4*p(s) - v(s). Give r(m).
-9
Let d(y) = -y**3 + y**2 + 2*y + 11. Let u be d(0). Suppose u = 3*k + 2. Let t(r) = 3*r**3 + 2*r**3 + 1 - 4*r**k. Calcula